{"id":7,"date":"2024-12-21T21:17:13","date_gmt":"2024-12-21T20:17:13","guid":{"rendered":"https:\/\/entleitner.webverwaltung.rhektec.at\/?page_id=7"},"modified":"2025-02-14T09:18:59","modified_gmt":"2025-02-14T08:18:59","slug":"allgemeines-ueber-karate","status":"publish","type":"page","link":"https:\/\/www.karate-mottomo.at\/?page_id=7","title":{"rendered":"Allgemeines"},"content":{"rendered":"\n<div class=\"wp-block-columns is-layout-flex wp-container-core-columns-is-layout-9d6595d7 wp-block-columns-is-layout-flex\">\n<div class=\"wp-block-column is-layout-flow wp-block-column-is-layout-flow\">\n<h2 class=\"wp-block-heading has-text-align-left\">Kihon<\/h2>\n\n\n\n<h5 class=\"wp-block-heading\">Der erste wesentliche Bereich im Shotokan Karate ist Kihon, auch als Grundschule bekannt. Hier erlernt man die essenziellen Grundlagen des Karate, darunter die wichtigsten Techniken wie Bl\u00f6cke, Schl\u00e4ge und Stellungen. Kihon bildet das Fundament, auf dem alle weiteren F\u00e4higkeiten aufgebaut werden.<\/h5>\n<\/div>\n<\/div>\n\n\n\n<div class=\"wp-block-columns is-layout-flex wp-container-core-columns-is-layout-9d6595d7 wp-block-columns-is-layout-flex\">\n<div class=\"wp-block-column is-layout-flow wp-block-column-is-layout-flow\">\n<h2 class=\"wp-block-heading\">Kata<\/h2>\n\n\n\n<h5 class=\"wp-block-heading\">Der zweite Bereich nennt sich Kata. Eine Kata ist eine festgelegte Abfolge von Bewegungen und Techniken, die in einer bestimmten Reihenfolge ausgef\u00fchrt werden. Sie stellt eine Art Choreografie dar, die Pr\u00e4zision, Konzentration und die Anwendung der Techniken trainiert. Jede Kata erz\u00e4hlt eine eigene Geschichte und spiegelt die Philosophie des Karate wider.<\/h5>\n<\/div>\n<\/div>\n\n\n\n<div class=\"wp-block-columns is-layout-flex wp-container-core-columns-is-layout-9d6595d7 wp-block-columns-is-layout-flex\">\n<div class=\"wp-block-column is-layout-flow wp-block-column-is-layout-flow\">\n<h2 class=\"wp-block-heading\">Kumite<\/h2>\n\n\n\n<h5 class=\"wp-block-heading\">Kumite ist der Bereich des Karate, der vielen Menschen als der k\u00e4mpferische Aspekt bekannt ist. Hier tritt man in den direkten Austausch mit einem Partner, wobei Schnelligkeit, Strategie und Technik im Mittelpunkt stehen. Kumite repr\u00e4sentiert die dynamische Seite des Karate und schult Reaktionsf\u00e4higkeit und Anpassungsverm\u00f6gen.<\/h5>\n<\/div>\n<\/div>\n\n\n\n<h2 class=\"wp-block-heading\">Selbstverteidigung<\/h2>\n\n\n\n<h5 class=\"wp-block-heading\">Karate ist nicht nur eine Kampfkunst, sondern auch eine effektive Methode der Selbstverteidigung. Im Kern geht es darum, durch Disziplin, Technik und strategisches Denken Angriffe abzuwehren und sich in gef\u00e4hrlichen Situationen zu sch\u00fctzen. Selbstverteidigung im Karate basiert auf pr\u00e4zisen Schlag-, Tritt- und Blocktechniken, die darauf abzielen, einen Gegner zu neutralisieren, ohne \u00fcberm\u00e4\u00dfige Gewalt anzuwenden. <\/h5>\n\n\n\n<h2 class=\"wp-block-heading\">Bunkai<\/h2>\n\n\n\n<h5 class=\"wp-block-heading\">Der Begriff Bunkai l\u00e4sst sich am besten als eine Art szenische Darstellung beschreiben. Im Bunkai wird demonstriert, wie die Techniken, die in der Kata vorkommen, in der Praxis angewendet werden k\u00f6nnen. Es zeigt die Bedeutung und Funktion der Bewegungen und macht die Verbindung zwischen Theorie und Praxis erlebbar.<\/h5>\n\n\n\n<div style=\"height:33px\" aria-hidden=\"true\" class=\"wp-block-spacer\"><\/div>\n\n\n\n<figure class=\"wp-block-video\"><video height=\"480\" style=\"aspect-ratio: 848 \/ 480;\" width=\"848\" controls src=\"https:\/\/www.karate-mottomo.at\/wp-content\/uploads\/2024\/12\/WhatsApp-Video-2024-12-27-at-13.58.47.mp4\"><\/video><\/figure>\n\n\n\n<p><\/p>\n","protected":false},"excerpt":{"rendered":"<p>Kihon Der erste wesentliche Bereich im Shotokan Karate ist Kihon, auch als Grundschule bekannt. Hier erlernt man die essenziellen Grundlagen des Karate, darunter die wichtigsten Techniken wie Bl\u00f6cke, Schl\u00e4ge und Stellungen. Kihon bildet das Fundament, auf dem alle weiteren F\u00e4higkeiten aufgebaut werden. Kata Der zweite Bereich nennt sich Kata. Eine Kata ist eine festgelegte Abfolge [&hellip;]<\/p>\n","protected":false},"author":1,"featured_media":0,"parent":0,"menu_order":0,"comment_status":"closed","ping_status":"closed","template":"","meta":{"saved_in_kubio":false,"footnotes":""},"class_list":["post-7","page","type-page","status-publish","hentry"],"kubio_ai_page_context":{"short_desc":"","purpose":"general"},"_links":{"self":[{"href":"https:\/\/www.karate-mottomo.at\/index.php?rest_route=\/wp\/v2\/pages\/7","targetHints":{"allow":["GET"]}}],"collection":[{"href":"https:\/\/www.karate-mottomo.at\/index.php?rest_route=\/wp\/v2\/pages"}],"about":[{"href":"https:\/\/www.karate-mottomo.at\/index.php?rest_route=\/wp\/v2\/types\/page"}],"author":[{"embeddable":true,"href":"https:\/\/www.karate-mottomo.at\/index.php?rest_route=\/wp\/v2\/users\/1"}],"replies":[{"embeddable":true,"href":"https:\/\/www.karate-mottomo.at\/index.php?rest_route=%2Fwp%2Fv2%2Fcomments&post=7"}],"version-history":[{"count":33,"href":"https:\/\/www.karate-mottomo.at\/index.php?rest_route=\/wp\/v2\/pages\/7\/revisions"}],"predecessor-version":[{"id":337,"href":"https:\/\/www.karate-mottomo.at\/index.php?rest_route=\/wp\/v2\/pages\/7\/revisions\/337"}],"wp:attachment":[{"href":"https:\/\/www.karate-mottomo.at\/index.php?rest_route=%2Fwp%2Fv2%2Fmedia&parent=7"}],"curies":[{"name":"wp","href":"https:\/\/api.w.org\/{rel}","templated":true}]}}